 a - 4. Let m(p) = p**2 + 3*p**2 - 2*p**2 - 20*p**3 + 2*p - 11. Let g(i) = 3*m(i) - 8*r(i). Give g(-1).
3
Let q(v) be the second derivative of -v**5/20 + 7*v**4/12 - v**3 + 9*v**2/2 - 14*v. What is q(6)?
9
Suppose l - 3*l = 0. Let d = 0 - l. Let z(t) = -3*t - 12. Let h(q) = -q - 4. Let c(a) = -11*h(a) + 4*z(a). Give c(d).
-4
Let n(h) = -6*h**3 + h**2 + h + 1. Suppose 0 = 5*u - 9 - 6. Suppose u*k + 2*k = -5*x + 25, -3*k = 4*x - 19. Let c = -2 + k. Determine n(c).
7
Let f(l) = 4*l + 7. Let t(s) = -11*s - 20. Let r(i) = 5*i**2 + 3 + i**2 - i**3 + 0*i**3 - i**2. Let g be r(5). Let w(a) = g*t(a) + 8*f(a). What is w(0)?
-4
Let i(q) = -15*q**2 - 10*q + 13. Let z(o) = 159*o**2 + 1 + 5*o - 7 - 152*o**2. Let a(k) = -6*i(k) - 13*z(k). Suppose 4*r = -18 + 6. Determine a(r).
6
Let j(d) be the second derivative of d**4/3 + d**2/2 + 30*d. Determine j(-1).
5
Let u = -6 - -5. Let s(f) = 2*f**3 + f**2 - 1. What is s(u)?
-2
Let i(g) = -7*g**3 - 3*g**2 + 5*g - 10. Let z(h) = -3*h**3 - 2*h**2 + 3*h - 5. Let y(q) = 4*i(q) - 9*z(q). Let b = 8 - 10. Let k be 10/(-4)*(-4 - b). Give y(k).
-5
Suppose n - 60 = 5*n. Let i be (-3 - (-8)/3)*n. Let g(x) = -i + 0 - x - 2*x. Give g(-4).
7
Let t(g) = -g**3 - 6*g**2 - 4*g + 7. Suppose 4 = -4*z + 4*h, -2*z + 4*h + 1 = z. Calculate t(z).
2
Let s(z) = 6*z**2 - z**3 + 5*z - 13*z**2 - 2 + 2*z**2. Give s(-6).
4
Let l(y) be the second derivative of -y**4/12 + y**3/2 - 3*y**2/2 + 3*y. Give l(3).
-3
Let v(x) = 6*x**3 - 7*x**3 + 2 - 4*x - 2*x**2 + 4*x. Let b(u) = -u**3 - u**2 + 1. Let n(y) = -4*b(y) + 5*v(y). Give n(-6).
6
Suppose 30 = 6*w - w. Let m = w + -3. Let y(j) = j**3 - 2*j**2 + j - 3. What is y(m)?
9
Let k(n) be the first derivative of 5*n**4/24 - n**2 - 1. Let j(q) be the second derivative of k(q). Calculate j(-2).
-10
Let v(o) = -o**3 - 5*o**2 + 6*o - 3. Let n = -38 + 27. Let x = -17 - n. Calculate v(x).
-3
Let z(d) = -d - 11. Let g be z(-5). Let w(j) = -7*j - 18. Let q(o) = 2 - 25 - 8*o + 4. Let k(a) = g*q(a) + 7*w(a). Determine k(-6).
-6
Let d(k) = 8. Let g(w) = w - 1. Suppose 2 - 1 = f. Let o(z) = f*d(z) + 2*g(z). What is o(-4)?
-2
Let m(v) be the first derivative of v**4/4 - 2*v**3 + 5*v**2/2 + v + 10. Give m(4).
-11
Let l(s) = 2*s - 5. Let q be l(5). Let k(a) be the second derivative of -a**4/12 + a**3/2 + 3*a**2/2 - 2*a. What is k(q)?
-7
Let s(a) = -a**3 + 4*a**2 + 4*a + 5. Suppose 3*b - 14 - 1 = 0. What is s(b)?
0
Let w be ((-3)/(-1))/(9/(-6)). Let k(j) = 2*j + 2. Determine k(w).
-2
Let o(t) = t**2 + 6*t + 6. Let h be 2 + 8/(-1 - 3). Let q be -1*(h - -1 - -5). What is o(q)?
6
Let j(i) be the first derivative of i**3/3 - 2*i**2 + 3*i + 1. Let k be (-1 + -2)/(-2 + 1). What is j(k)?
0
Let y be 12/(-18)*(-3 - 0). Let w = 18 + -14. Let q(p) = 0*p**2 - 5*p + p**y + 1 - w. Calculate q(4).
-7
Let j(q) = -q**3 - 4*q**2 + 2*q + 6. Let a(l) = -12*l + 1. Let n be a(-2). Suppose -r + 5 = -3*p, -4*r - p = r - n. Suppose r*f = f - 16. Give j(f).
-2
Let c(h) be the second derivative of -h**5/20 + h**4/6 + h**3/6 - h**2/2 + 10*h + 2. What is c(1)?
1
Let p(q) = 4*q + 0*q - 5*q**2 + 9 + q**2 + 3*q**2. Let r be p(5). Let h(y) = -y**2 + 5*y - 6. What is h(r)?
-2
Let k = -13 - -13. Let m be k/(2 + -6) - 2. Let p(t) = -2*t**2 - 3*t - 2. Calculate p(m).
-4
Let q(i) = -4*i + 8. Let n(l) = -l. Let u(w) = -3*n(w) + q(w). Give u(9).
-1
Let x(a) be the first derivative of a**3/3 + 2*a**2 + 2*a + 2. Let y(w) = -w**3 - 6*w**2 - w - 3. Let n be y(-6). Suppose -4 = n*t + 8. Calculate x(t).
2
Let x(u) = 3*u**3 + 3*u**2 - 3*u - 9. Let y(g) = 2*g**3 + g**2 - 2*g - 5. Let a(h) = -3*x(h) + 5*y(h). Let w be a(4). Let v(b) = 3*b**2 + 2*b. Give v(w).
8
Suppose 12 = -5*z + 2*z. Let b(l) = 2*l**2 + 4*l + 1. Determine b(z).
17
Let l(d) = -d**3 - d + 1. Let h be (-1 - (0 + 0))*0. Suppose 0*f + 3*f - 6 = h. Calculate l(f).
-9
Let q be (7/3 + -3)*6. Let p(j) = 5*j - 2. Let o(l) = -6*l + 3. Let r(n) = 3*o(n) + 4*p(n). Calculate r(q).
-7
Suppose -2 - 1 = c. Let y = 4 - c. Let i(u) = y - 1 - u + 3*u. Give i(-4).
-2
Let w(f) be the first derivative of f**3/3 + 5*f**2/2 + 4*f - 4. Suppose 3*j = 2*j + 2. Suppose j*c - 5*y + 36 - 8 = 0, 4*c + 28 = 3*y. What is w(c)?
0
Let c(p) = 7*p - 2*p**2 - 5*p**2 + p**3 + 0 - 4 + p**2. What is c(5)?
6
Suppose -3*s + 24 = -0*s - 3*y, -s + 20 = -4*y. Let f be (s/14)/(2/14). Let b(l) = -4*l + 4 - 2*l**2 + f*l - 4 + 1. Give b(-2).
-3
Let u(i) be the third derivative of 3*i**4/8 - 7*i**3/3 - 7*i**2. Let d(s) = 14*s - 21. Let h(r) = 5*d(r) - 8*u(r). Determine h(5).
-3
Suppose 0*s = 2*s - 4. Let u(v) = 3*v - v**3 + 4 - 7 + 3*v**s + 8. What is u(4)?
1
Let h(d) be the second derivative of d**4/3 - d**3/6 - d**2/2 - 3*d. Let o(y) be the first derivative of h(y). Give o(1).
7
Let d(h) = 2*h**3 - h**2 + 2*h - 2. Let g be d(1). Let t(u) = -3*u + 2. Determine t(g).
-1
Let z(u) = -8*u + u**3 + 0*u**3 + 0*u**3 + 4*u**2 + u**2 - 3. Calculate z(-6).
9
Let a(z) be the third derivative of z**6/120 + z**5/15 - z**4/12 - 5*z**3/6 + 7*z**2. Calculate a(-4).
3
Let v(y) = -y - 2 + 3*y - y. Suppose 13 = 4*t + 3*k + 2, 7 = -t - 4*k. Suppose t*d = 4*d + 4. What is v(d)?
2
Let y(w) be the first derivative of 0*w**2 + 0*w**3 - w - 3/4*w**4 - 1. Suppose -4*t = -3*h + 1 - 4, 3*h + 5*t + 3 = 0. What is y(h)?
2
Let i(m) be the first derivative of -m**4/4 + m**3/3 - m**2/2 + 17*m - 15. What is i(0)?
17
Let o(q) = 6*q**3 + q**2 - q + 1. Let u be 2/13 - 22/(-26). Give o(u).
7
Let u(j) be the second derivative of 17*j**5/20 - j**3/6 - 11*j. Give u(1).
16
Let q(n) = 5*n - 2. Let j be 12/(-18) + 16/6. What is q(j)?
8
Let g(t) be the third derivative of t**5/60 - 5*t**4/24 + t**3/6 + 6*t**2. Calculate g(4).
-3
Let b(a) = -5*a**2 + 12*a + 1. Let j(c) = -11*c**2 + 25*c + 2. Let x(h) = -13*b(h) + 6*j(h). Calculate x(-5).
4
Suppose 4 = 4*f - 8. Let g(l) = -l. Give g(f).
-3
Suppose 0 = -5*s - 4*p + 13, -5*s + 4*p + 31 + 6 = 0. Let g(r) = -r + 3. What is g(s)?
-2
Let o(q) = -2*q - 1. Let h(w) = -w. Let r(a) = h(a) - o(a). Let g = 215 + -215. Calculate r(g).
1
Let v(w) be the second derivative of -2*w**3/3 + w**2/2 - 12*w. Let q be (0 - (-1 - 0)) + 0. What is v(q)?
-3
Let c(s) = -s**3 + s**2. Let o be (-3)/((-6)/(-4) + -3). Determine c(o).
-4
Let c(y) be the second derivative of y**4/12 - 5*y**3/3 + 2*y**2 + 40*y. Determine c(8).
-12
Let b(n) = 33*n - 22*n - 15*n. Give b(3).
-12
Let z(w) be the second derivative of w**3/2 + 5*w**2/2 + 13*w. Give z(-4).
-7
Let q = -92 - -96. Let r(h) = -h**3 + 4*h**2 - h + 1. Give r(q).
-3
Let c(p) = 3*p**2 - 3*p + 5. Let j(w) = -5*w**2 + 5*w - 9. Let s(z) = 7*c(z) + 4*j(z). Calculate s(2).
1
Let q(j) be the third derivative of 7*j**2 + 0*j + j**3 + 1/3*j**4 + 1/60*j**5 + 0. What is q(-6)?
-6
Let x(f) = f - 10. Let u = 54 - 54. What is x(u)?
-10
Let z(r) be the third derivative of -r**5/30 - r**3/6 + 2*r**2. Suppose -1 = 4*n - 5. Give z(n).
-3
Suppose 2*u - 4*u + 5*m + 8 = 0, 47 = 5*u + m. Let b(z) = -4 - 2*z**2 + 13*z - u + z**2 - 2*z. Determine b(9).
5
Let y(m) = 7*m**2 - 3*m + 8. Let f(j) = -3*j**2 + 2*j - 4. Let w(c) = -5*f(c) - 2*y(c). Let s = -5 + 10. Suppose s - 25 = -5*g. Give w(g).
4
Let v(b) = -b**2 + 7*b + 8. Let l = 26 + -18. Let z = 14 - l. Calculate v(z).
14
Let b(r) = 70*r + 417. Let u be b(-6). Let k(v) = v**3 - 5*v**2 - 6*v + 2. Let o be k(6). Let g(l) = 3*l**o + 0*l**3 + 3*l**3 - 2*l**3 + l + 1. Calculate g(u).
-2
Let t(u) be the second derivative of -u**5/20 - u**4/2 + u**3/3 + 4*u**2 + u. Let s = 5 - 11. Let i be t(s). Let f(b) = b**3 + 4*b**2 + b + 1. Determine f(i).
-3
Let h(v) = v - 8. Let i be h(3). Let n(p) = 2*p + 4. Determine n(i).
-6
Let b(m) = -2*m**2 + 4*m - 2. Suppose 3*p + 1 = 10. Give b(p).
-8
Let r(q) = -8*q - 1. Let n be ((-1)/2 + 1)*8. Let l be (-14)/(-21)*(-6)/n. Give r(l).
7
Suppose -4*j - 5*i = 32, 3*j = -0*i + i - 5. Let n(z) = z**3 + 2*z**2 - 2*z + 4. Give n(j).
1
Suppose -4*i - n + 43 = -4*n, -5 = n. Let w be (-7)/i - (-4)/2. Let y(t) = -3*t**2 - t + 1. Determine y(w).
-3
Let z(b) = b**2 + b + 1. Let w(q) = q**2 + 5*q - 4. Let j be w(-6). Let n(d) = -2*d**2 + 2*d + 1. Let s be n(j). Determine z(s).
7
Suppose 19 = 2*n - 3*q, 4*n + q + 8 = 5*n. Let a(z) = 5 - 3*z + 2*z**3 + 6*z**2 - 3*z**3 - n*z + z. What is a(5)?
-5
Let v(a) = -a**3 - 5*a**2 - a - 1. Let t be (-3)/(-2)*8/6. Let r(d) = 1 + 5*d - 2*d - t*d. 